 = 138. Let z = 200 - a. Is z a prime number?
False
Let h = 5 - 1. Let l(i) = -i**2 + 2. Let j be l(0). Is 1*13 - (j - h) prime?
False
Suppose -10 = 5*p, 2*p + 979 = 5*j - 1260. Is j prime?
False
Let t(w) = w**3. Let h be t(0). Let a = 4 + h. Suppose -a*q + 20 = 0, 4*l - 3*q = -q + 346. Is l a composite number?
False
Let z(k) = 0*k**3 + k - 19*k**3 - k**2 + 2*k**2. Suppose 0 = -w - 4*w - 5. Is z(w) prime?
True
Suppose -6*x = -x - 1085. Let z = x - 132. Is z a prime number?
False
Suppose -3556 = -4*l - 4*r, l - r = 893 - 4. Is l a prime number?
False
Suppose b = 2*c - 7*c + 20, 0 = -3*b - 5*c + 30. Suppose 3*n + 21 = f + 8*n, -b*n - 9 = -4*f. Is f prime?
False
Suppose 0*v = -3*v + 12. Suppose z + v*z + 3551 = 4*i, -4*z + 4449 = 5*i. Is i a prime number?
False
Let y be 45/(2/(1*-6)). Let u = y - -220. Is u prime?
False
Suppose -3*n = 2*n - 10. Let m = 15 - -37. Suppose n*d - q = m, -d + 2*q + 35 = 6. Is d prime?
False
Let b(t) = 52*t - 15. Is b(19) composite?
True
Suppose -4*v = 4*x - 548, x + 7*v = 3*v + 134. Let p = x - 91. Suppose -p - 27 = -2*o. Is o composite?
False
Suppose -4*z + 3*d = -18445, 5*z - 23048 = -0*d + d. Is z composite?
True
Let w(z) = 180*z - 37. Is w(4) prime?
True
Suppose 98 = 2*l + v, 4*v - 86 = -0*l - 2*l. Is l prime?
False
Suppose s - 4*b = -2*s + 5383, b + 1796 = s. Is s a composite number?
False
Suppose 3*o + 27 - 87 = 0. Suppose -o = -4*a - 8. Suppose -a*j - 2*m + 172 + 25 = 0, 0 = 4*j + 3*m - 261. Is j composite?
True
Suppose -4*b = y - 14 - 11, 4*b - 5*y = 43. Let r(g) = -6*g - g**2 + 4*g + 7*g - 3 + 10*g. Is r(b) prime?
True
Let v(h) = h - 2. Let u be v(0). Let i(p) = p**2 + 1. Let a be i(u). Suppose a*x + 3 = -o - 14, 5*x + 20 = 0. Is o composite?
False
Suppose -i = 5*a - 2*a - 39, -4*a + 41 = 5*i. Is a prime?
False
Is (-3)/(600/(-196) - -3) prime?
False
Let w(c) = 14*c**2 + 3*c - 3. Suppose 37 = 5*v + 2*a + 12, -4*v = -5*a + 13. Let y be w(v). Suppose -2*n + n + y = 2*k, -k = 2*n - 63. Is k prime?
True
Let d(o) = o**2 + o - 1. Let n(x) = 2*x**2 + x + 1. Let z(u) = 4*d(u) - n(u). Suppose 0 = 2*l + 4*f - 8, 2*l + 9 = f - 3. Is z(l) a prime number?
False
Suppose 2*v - 5*v = 18. Is -2*3/v*21 composite?
True
Let h be 1/((-15)/(-6) + -2). Let b be (4/6)/(h/(-666)). Is (1/3)/((-2)/b) a composite number?
False
Let z(x) = 8 - 2*x + 4*x + x. Is z(6) composite?
True
Let l = 122 + -45. Is l prime?
False
Let o(r) = -8*r**2 - 4*r - 4. Let v be o(-5). Let p be (-1 + v)/(3/(-3)). Suppose i - 24 - 21 = -2*m, 0 = -3*i + 4*m + p. Is i prime?
False
Let o = 3 - 5. Let r = o - -8. Is (4/r)/((-6)/(-117)) a prime number?
True
Suppose 5*w - i + 6*i = 15, i = 5*w + 3. Let y(z) = 5*z**2 - 4*z + 2. Let x be y(2). Let o = x + w. Is o prime?
False
Suppose -3*l + 5 + 7 = 0. Suppose 0 = l*y - y - 93. Is y composite?
False
Is 1*1358*1/2 a composite number?
True
Is 3160/4*(-4)/(-8) a composite number?
True
Let f(p) = 62*p**3 - p**2 - p + 1. Is f(2) a prime number?
True
Let m = 3 - 0. Is (-2 + m)/(4/708) a composite number?
True
Let b = -1 - -3. Suppose d - b*d + 22 = 0. Is d prime?
False
Suppose 3*m - 11 = -d, -2 = 3*d + 2*m - 0. Let v(l) be the third derivative of -l**4/12 - l**3/3 + l**2. Is v(d) a composite number?
True
Let a(t) = 8*t - 9. Suppose -3*z - z = -60. Let u be (-1)/(-3) - (-100)/z. Is a(u) composite?
False
Let y be 2 + 1 + 1 - -1. Suppose -k + 11 = y. Suppose -2*x + 79 = l, -k*x + x + 198 = 3*l. Is x a prime number?
False
Let k(m) = 72*m**2 + 2*m + 1. Is k(-1) a prime number?
True
Suppose 3*w - 4218 = 5*l, -2*l - 1396 = -w + 3*l. Is w a composite number?
True
Let h(s) be the first derivative of -s**3/3 + 9*s**2/2 - 2*s + 4. Let l be h(8). Is l/(0 - (-6)/69) composite?
True
Let a(n) = -n**2 + 3*n + 4. Let x be a(3). Is -6*2/x - -54 a composite number?
True
Suppose -4*m + 36 = 2*w + 1142, -2 = -2*m. Let a = -290 - w. Let q = a - 54. Is q prime?
True
Let f(q) = 14*q**2 + 10*q - 13. Is f(7) composite?
False
Let j(p) = -45*p - 16. Is j(-7) prime?
False
Suppose -4*s + 12 = -4. Let f(k) = -k - 5 - 2*k + s + 2*k**2 + 3. Is f(5) a prime number?
True
Let t(s) = 20*s**2 + 17. Is t(7) a prime number?
True
Suppose 88 = -5*v + 503. Is v a composite number?
False
Let p(j) = -j**2 + 5*j + 3. Let f be p(5). Suppose f*h - 465 = -2*h. Is h composite?
True
Let g(r) = 11*r**2 - 3*r + 1. Is g(-5) prime?
False
Suppose -3*s + 2*s = -21. Is s a composite number?
True
Let t(k) = 160*k**2 - 1. Is t(-3) composite?
False
Suppose -2*h = 3*h - 10. Let p be 33 - h - (-1 + -1). Suppose -2*q = 2*f - 46, 3*q - 2*f - 26 = p. Is q a composite number?
True
Let k(l) be the second derivative of l**5/20 - 2*l**4/3 + l**3/2 + l**2/2 - 2*l. Let x be k(9). Let r = x - -82. Is r a composite number?
False
Let w be (-3)/(-5) - 5168/(-20). Suppose o - w = -2*i, -2 + 6 = 4*o. Is i prime?
False
Let s(j) = 12*j - 3. Let z = 7 - 5. Is s(z) a composite number?
True
Let l be -56*(-3 + (-1)/(-4)). Let p = -77 + l. Is p a composite number?
True
Is ((6 - 3) + -5 - -633)*1 a prime number?
True
Let d = -1111 + 1964. Is d composite?
False
Let t = 8 + -3. Suppose -t*u + 3*u = -170. Is u a prime number?
False
Let j(k) = 8*k - 1. Suppose 3*l - 5*n = -2 + 5, -5*n + 3 = 3*l. Let y be j(l). Let b(t) = 8*t - 3. Is b(y) composite?
False
Let a be (-6)/8 - (-7)/(-28). Let l(d) = 143*d**2 + d + 1. Is l(a) a prime number?
False
Let f be 495/18 - 2/4. Suppose -4*o = -3*m + f, -6*o + 2*o = 0. Is m a composite number?
True
Let c be (15/(-2))/(2/28). Let b = 152 + c. Is b prime?
True
Suppose -2*v + 298 = -4*v. Let y = v - -480. Is y a composite number?
False
Is (-2 - 32/(-12))*5205/2 a prime number?
False
Is 1/(-3)*-39*(1 - -6) composite?
True
Let h(w) = 896*w - 3. Is h(1) a prime number?
False
Suppose 0 = 2*z + z - u + 11, -5*z = 4*u + 24. Is 406*1 - z/4 prime?
False
Let f(m) = 2*m**2 - 3*m + 8. Let j(n) = n**3 - 5*n**2 - 6*n - 7. Let g be j(6). Is f(g) a composite number?
False
Let y = -11 + 15. Suppose 0*m = m + 2, m - 6 = y*k. Let h(b) = 12*b**2 - 2*b - 3. Is h(k) a prime number?
False
Suppose 2*s + w - 1138 = 3*w, 0 = -5*s + w + 2865. Let a = -257 + s. Is a prime?
True
Suppose -2*h + 41 = -13. Is h + (-2)/(5 + -4) a composite number?
True
Suppose 22 = 3*t - 2*v + 5, 3*t - 4*v = 13. Suppose -4*i + t*i = 0, 3*a - 5*i = 222. Is a composite?
True
Let t = 23 + -16. Suppose -2*l + 3*l - 2*u = -t, -4*l - 4*u + 32 = 0. Suppose l*j - p - 542 - 383 = 0, 0 = -3*p - 12. Is j a composite number?
False
Suppose 2*h - 1119 = -h. Is h prime?
True
Let k(y) = 2*y**2 + 6*y + 1. Let a(s) = -s**2 - 4*s + 6. Let c be a(-6). Is k(c) a composite number?
False
Let l(a) = 10*a**2 + 0*a - 3 + 0*a**3 + 0*a**3 + 11*a + a**3. Let v = -3 + -5. Is l(v) composite?
False
Let d be (1 - -4)*(5 + -6). Is (-28)/d - 4/(-10) a prime number?
False
Let t be -38*3/(-6) - -2. Let v = -2 - -2. Suppose v*n = n - t. Is n prime?
False
Suppose k - 308 = 3*r, 2*r - 937 = -4*k + 337. Is k composite?
False
Is 2/(-3) + (-3956)/(-12) a prime number?
False
Suppose 2*n - 1397 = 1017. Is n a prime number?
False
Suppose 0 = -i - 2*i + 279. Is i a composite number?
True
Is (-1)/((-4 - -7) + (-750)/249) composite?
False
Let y(x) = -503*x. Let d be y(1). Let g = 1696 + d. Is g composite?
False
Let x(o) be the second derivative of o**4/3 - o**3/2 + o**2/2 - o. Is x(-3) composite?
True
Let o(z) = -z**3 - 7*z**2 - 7*z - 3. Let g be o(-6). Let i be (14 + 1)*(-16)/(-48). Suppose i*s - 245 = 4*r, -2*r = -4*s + g*r + 187. Is s a prime number?
True
Let z = -2167 - -3512. Is z a composite number?
True
Suppose 3*u + 2*u - s = 117, u = s + 21. Let z = -17 + u. Is z a composite number?
False
Suppose -5*b + 1207 = -288. Is b prime?
False
Let y(i) = 69*i**2 + 2. Is y(5) a composite number?
True
Suppose -3*b + 8 = -b + 3*d, -b - 4*d = 1. Let h be (-10)/(-4)*2*37. Suppose b*z - 2*z - h = 0. Is z a prime number?
True
Let p = 10 - 4. Let u be (-3)/p*-2 + -1. Suppose u*k - 3*k = -138. Is k a composite number?
True
Let v(g) = 2*g**2 + 32*g - 27. Is v(-32) a prime number?
True
Let n(v) = -v**3 + 3*v**2 + 3*v - 2. Suppose 2*k + k = -4*m + 2, 0 = 2*k - 5*m - 9. Suppose -2*f + 8 = k. Is n(f) a prime number?
True
Let z(n) = n**3 - 12*n**2 + 2*n - 11. Let i be z(8). Let k = 378 + i. Is k prime?
True
Let l(z) be the second derivative of -25*z**4/12 + z**3/6 - z. Let s be l(1). Let m 